 11, 53, 113
List the prime factors of 5071059.
3, 7, 3833
What are the prime factors of 129177?
3, 31, 463
List the prime factors of 10509671.
109, 96419
What are the prime factors of 69794?
2, 34897
List the prime factors of 6913819.
11, 57139
List the prime factors of 9695586.
2, 3, 19, 85049
What are the prime factors of 645951?
3, 215317
What are the prime factors of 166500?
2, 3, 5, 37
List the prime factors of 11523936.
2, 3, 120041
What are the prime factors of 9583941?
3, 3194647
What are the prime factors of 13414566?
2, 3, 11, 23, 8837
What are the prime factors of 89349?
3, 13, 29, 79
What are the prime factors of 3589372?
2, 53, 16931
List the prime factors of 1967583.
3, 19, 34519
What are the prime factors of 61598?
2, 19, 1621
List the prime factors of 181815.
3, 5, 17, 23, 31
What are the prime factors of 6950391?
3, 7, 43, 179
What are the prime factors of 72070?
2, 5, 7207
List the prime factors of 12949503.
3, 7, 616643
What are the prime factors of 33016?
2, 4127
What are the prime factors of 1787479?
1787479
What are the prime factors of 1973781?
3, 41, 1783
List the prime factors of 1827379.
1827379
What are the prime factors of 187414?
2, 83, 1129
What are the prime factors of 13677?
3, 47, 97
What are the prime factors of 28446534?
2, 3, 19, 83177
List the prime factors of 10696.
2, 7, 191
List the prime factors of 837067.
7, 11, 1553
What are the prime factors of 1852838?
2, 13, 71263
What are the prime factors of 2871727?
373, 7699
List the prime factors of 11341721.
37, 306533
List the prime factors of 548722.
2, 274361
What are the prime factors of 329887?
73, 4519
List the prime factors of 4345845.
3, 5, 7, 41389
List the prime factors of 34757.
34757
List the prime factors of 11227297.
307, 36571
What are the prime factors of 2772851?
109, 25439
List the prime factors of 6007496.
2, 11, 19, 3593
What are the prime factors of 75811?
47, 1613
List the prime factors of 5867904.
2, 3, 7, 37, 59
What are the prime factors of 9045277?
9045277
List the prime factors of 2281930.
2, 5, 7, 4657
What are the prime factors of 414394?
2, 207197
What are the prime factors of 4238902?
2, 269, 7879
What are the prime factors of 656565?
3, 5, 7, 13, 37
List the prime factors of 408616.
2, 13, 3929
List the prime factors of 2166879.
3, 11, 13, 5051
List the prime factors of 14188464.
2, 3, 37, 2663
What are the prime factors of 405000?
2, 3, 5
What are the prime factors of 448250?
2, 5, 11, 163
What are the prime factors of 27771124?
2, 6942781
What are the prime factors of 5274910?
2, 5, 67, 7873
What are the prime factors of 133566?
2, 3, 113, 197
What are the prime factors of 780368?
2, 17, 19, 151
What are the prime factors of 89497?
31, 2887
List the prime factors of 2187459.
3, 81017
List the prime factors of 1570626.
2, 3, 87257
List the prime factors of 1445878.
2, 7, 139, 743
What are the prime factors of 242282?
2, 23, 229
What are the prime factors of 1945320?
2, 3, 5, 13, 29, 43
List the prime factors of 1747159.
67, 89, 293
List the prime factors of 92470.
2, 5, 7, 1321
What are the prime factors of 1986753?
3, 662251
List the prime factors of 197547.
3, 7, 23, 409
List the prime factors of 5748504.
2, 3, 239521
List the prime factors of 1130175.
3, 5, 5023
List the prime factors of 22120.
2, 5, 7, 79
What are the prime factors of 14839158?
2, 3, 2473193
What are the prime factors of 4438945?
5, 7, 126827
What are the prime factors of 563165?
5, 163, 691
List the prime factors of 11091642.
2, 3, 1848607
List the prime factors of 443998.
2, 221999
List the prime factors of 20750.
2, 5, 83
What are the prime factors of 337288?
2, 7, 19, 317
List the prime factors of 2763394.
2, 1381697
What are the prime factors of 419108?
2, 29, 3613
List the prime factors of 12119985.
3, 5, 269333
What are the prime factors of 8021982?
2, 3, 1336997
What are the prime factors of 5069245?
5, 647, 1567
What are the prime factors of 619437?
3, 7, 13, 2269
List the prime factors of 479132.
2, 119783
List the prime factors of 502619.
13, 23, 41
List the prime factors of 133507.
11, 53, 229
What are the prime factors of 2176219?
1103, 1973
List the prime factors of 161487.
3, 5981
What are the prime factors of 11886?
2, 3, 7, 283
What are the prime factors of 886482?
2, 3, 17, 2897
List the prime factors of 5239193.
19, 23, 631
What are the prime factors of 4581452?
2, 149, 7687
What are the prime factors of 257489?
257489
List the prime factors of 1362281.
19, 71699
What are the prime factors of 2020428?
2, 3, 56123
List the prime factors of 112685.
5, 31, 727
List the prime factors of 100765.
5, 7, 2879
What are the prime factors of 163496?
2, 107, 191
What are the prime factors of 3563145?
3, 5, 79181
What are the prime factors of 14382456?
2, 3, 11, 157, 347
What are the prime factors of 1801822?
2, 11, 81901
List the prime factors of 360345.
3, 5, 24023
What are the prime factors of 116382?
2, 3, 7, 17, 163
What are the prime factors of 197523?
3, 17, 1291
List the prime factors of 206465.
5, 7, 17, 347
List the prime factors of 52225.
5, 2089
What are the prime factors of 15751122?
2, 3, 37, 70951
What are the prime factors of 17118686?
2, 13, 50647
What are the prime factors of 9102697?
41, 53, 59, 71
List the prime factors of 1078697.
47, 59, 389
What are the prime factors of 2220239?
7, 6473
What are the prime factors of 331464?
2, 3, 7, 1973
List the prime factors of 120078.
2, 3, 7, 953
What are the prime factors of 546132?
2, 3, 71, 641
List the prime factors of 212352.
2, 3, 7, 79
List the prime factors of 439465.
5, 13, 6761
What are the prime factors of 1356061?
7, 193723
What are the prime factors of 104836?
2, 26209
What are the prime factors of 365811?
3, 121937
List the prime factors of 195041.
7, 11, 17, 149
What are the prime factors of 8465367?
3, 43, 137, 479
What are the prime factors of 72479?
11, 599
What are the prime factors of 1221217?
73, 16729
What are the prime factors of 781217?
781217
List the prime factors of 814894.
2, 83, 4909
List the prime factors of 248975.
5, 23, 433
List the prime factors of 276100.
2, 5, 11, 251
List the prime factors of 4208097.
3, 1402699
What are the prime factors of 919740?
2, 3, 5, 15329
What are the prime factors of 240915?
3, 5, 16061
What are the prime factors of 243143?
19, 67, 191
What are the prime factors of 5811816?
2, 3, 113, 2143
List the prime factors of 3496464.
2, 3, 24281
What are the prime factors of 9382173?
3, 479, 6529
What are the prime factors of 217824?
2, 3, 2269
What are the prime factors of 293067?
3, 32563
What are the prime factors of 21736675?
5, 869467
What are the prime factors of 2907303?
3, 7, 167, 829
What are the prime factors of 2447137?
7, 11, 61, 521
What are the prime factors of 17624335?
5, 3524867
What are the prime factors of 8387704?
2, 13, 80651
What are the prime factors of 5999773?
13, 461521
List the prime factors of 12827896.
2, 347, 4621
What are the prime factors of 1119573?
3, 7, 13, 1367
What are the prime factors of 169366?
2, 19, 4457
List the prime factors of 1860559.
1860559
List the prime factors of 3098339.
73, 42443
What are the prime factors of 233371?
233371
What are the prime factors of 155641?
23, 67, 101
What are the prime factors of 177413?
31, 59, 97
What are the prime factors of 243868?
2, 41, 1487
List the prime factors of 397673.
397673
What are the prime factors of 9702440?
2, 5, 11, 22051
List the prime factors of 9093.
3, 7, 433
What are the prime factors of 3237980?
2, 5, 19, 8521
List the prime factors of 362519.
227, 1597
List the prime factors of 1246426.
2, 137, 4549
List the prime factors of 2999830.
2, 5, 299983
List the prime factors of 180819.
3, 37, 181
List the prime factors of 23995706.
2, 7, 1713979
List the prime factors of 974887.
974887
List the prime factors of 2488353.
3, 7, 118493
What are the prime factors of 30238?
2, 13, 1163
What are the prime factors of 219854?
2, 37, 2971
What are the prime factors of 1028739?
3, 139, 2467
What are the prime factors of 8949?
3, 19, 157
List the prime factors of 593667.
3, 65963
List the prime factors of 1045269.
3, 116141
What are the prime factors of 11136787?
701, 15887
What are the prime factors of 1348239?
3, 29, 15497
What are the prime fac